{"id":16333,"date":"2019-12-03T14:33:33","date_gmt":"2019-12-03T13:33:33","guid":{"rendered":"https:\/\/divan.fyi\/?page_id=16333"},"modified":"2023-11-25T10:28:32","modified_gmt":"2023-11-25T09:28:32","slug":"advent-zagreb","status":"publish","type":"page","link":"https:\/\/divan.fyi\/en\/advent-zagreb\/","title":{"rendered":"Advent Zagreb"},"content":{"rendered":"","protected":false},"excerpt":{"rendered":"Ultimativni vodi\u010d za doga\u0111anja, mjesta, program i \u0161etnju kroz Advent u Zagrebu uz nekoliko do\u017eivljaja koji ove godine potpuno izlaze iz okvira i koje bi bilo \u0161teta da propustite.","protected":false},"author":1,"featured_media":0,"parent":0,"menu_order":0,"comment_status":"closed","ping_status":"closed","template":"advent-landing.php","meta":{"_acf_changed":false,"om_disable_all_campaigns":false,"footnotes":""},"acf":[],"_links":{"self":[{"href":"https:\/\/divan.fyi\/en\/wp-json\/wp\/v2\/pages\/16333"}],"collection":[{"href":"https:\/\/divan.fyi\/en\/wp-json\/wp\/v2\/pages"}],"about":[{"href":"https:\/\/divan.fyi\/en\/wp-json\/wp\/v2\/types\/page"}],"author":[{"embeddable":true,"href":"https:\/\/divan.fyi\/en\/wp-json\/wp\/v2\/users\/1"}],"replies":[{"embeddable":true,"href":"https:\/\/divan.fyi\/en\/wp-json\/wp\/v2\/comments?post=16333"}],"version-history":[{"count":19,"href":"https:\/\/divan.fyi\/en\/wp-json\/wp\/v2\/pages\/16333\/revisions"}],"predecessor-version":[{"id":67103,"href":"https:\/\/divan.fyi\/en\/wp-json\/wp\/v2\/pages\/16333\/revisions\/67103"}],"wp:attachment":[{"href":"https:\/\/divan.fyi\/en\/wp-json\/wp\/v2\/media?parent=16333"}],"curies":[{"name":"wp","href":"https:\/\/api.w.org\/{rel}","templated":true}]}}

Ultimativni vodič za događanja, mjesta, program i šetnju kroz Advent u Zagrebu uz nekoliko doživljaja koji ove godine potpuno izlaze iz okvira i koje bi bilo šteta da propustite.
